erivative of -m**4/8 - m**3/6 - 12*m**2. Determine x(-3).
8
Suppose 4*q - 4 = -0. Let k(z) = 2 + 8*z - 1 - 9*z. Let c(i) = -3*i + 3. Let p(b) = q*c(b) - 4*k(b). What is p(-4)?
-5
Suppose -26*r - 32 = -18*r. Let h(q) = -q**3 - 4*q**2 + 4. Give h(r).
4
Let h(d) = -d**3 + 5*d**2 - 3*d - 4. Suppose -6*j + 3*j + 9 = 0. Calculate h(j).
5
Let d be 552/132 - 4/22. Let h(a) = a - 2. Determine h(d).
2
Let j(s) be the third derivative of -s**5/60 + s**4/6 - s**3 + s**2. Give j(4).
-6
Let c = 0 - 1. Suppose -28 = 4*t + 4*s - 4, 2*s = 3*t + 8. Let r = t + c. Let m(d) = -d + 1. What is m(r)?
6
Let w(u) be the second derivative of -3*u**8/2240 + u**7/1260 + u**6/360 + u**5/120 - u**4/2 + 7*u. Let d(f) be the third derivative of w(f). Determine d(-1).
10
Suppose 0 = 4*j + 13 + 3. Let g(i) = 2*i**3 - 7*i**2 + i - 7. Let c(o) = o**3 - 6*o**2 - 6. Let s(t) = 3*c(t) - 2*g(t). Calculate s(j).
4
Let o = 2 - 1. Let v be 0/(-2*o/(-2)). Suppose 6*i = i + 4*p - 16, v = -i - 3*p - 7. Let a(z) = z**2 + 3*z - 4. What is a(i)?
0
Let o(z) = 2*z**3 + z**2 - 2*z - 1. Let w be 14/(-4) + (-12)/(-8). Determine o(w).
-9
Let w(h) be the first derivative of -1/4*h**4 + 0*h**3 - h**2 + 6 + h. Calculate w(2).
-11
Let z = -7 + 9. Let j(s) be the third derivative of 1/120*s**6 + 5/6*s**3 - 1/20*s**5 + 0*s + 2*s**z + 0 - 1/6*s**4. Calculate j(4).
5
Let r be (-2)/(-7) - 90/21. Let b = 12 - 8. Let x(u) = -b*u + 2*u + u - 1. Give x(r).
3
Let c(f) = -3*f + 2. Suppose 2*h = 3*h - 4. Give c(h).
-10
Let s(v) = 2*v + 3*v - 3*v + 3 + v. Suppose -3*w - 2*i = 3*i + 19, -2*w + i - 4 = 0. Calculate s(w).
-6
Let q = 17 + -9. Suppose -5*t + q = 23. Let x(i) = 3*i - 73. Let u(h) = -h + 16. Let j(c) = 9*u(c) + 2*x(c). Determine j(t).
7
Let u(z) be the second derivative of z**5/20 - 7*z**4/12 + 5*z**3/6 - 2*z**2 - 5*z. Give u(6).
-10
Suppose 2*u + 4 = -3*d + 5*d, 0 = -u - 5*d + 22. Let o(v) = -v + 2 - 1 - u + 0*v. Give o(6).
-7
Let m(p) = p**3 - 5*p**2 + 2*p + 1. Let i = -35 - -37. Give m(i).
-7
Suppose 8*m + 35 = 3*m - 4*j, -3*m - 34 = 5*j. Let h(v) = v**2 + 3*v - 3. Let p be h(m). Let t(l) = -2*l - 1. Give t(p).
5
Let r(g) = -g**3 - 5*g**2 + 2*g + 4. Let p(d) be the second derivative of -d**4/12 - 5*d**3/6 + d**2/2 + 8*d. Let b be p(-6). Give r(b).
-6
Let t(v) = -v**2 + 7. Let j(r) = 2*r - 3. Let a be j(3). Let i = a + -3. Calculate t(i).
7
Let o(k) = k - 1. Let z(l) = -4*l + 5. Let c(d) = -5*o(d) - z(d). Let y be ((-10)/15)/((-2)/(-12)). Determine c(y).
4
Let i(w) = -w - 4. Let d(c) = -c**2 + 2*c - 1. Let g be d(1). Suppose 3*r + 7 - 1 = g. Determine i(r).
-2
Suppose 5*n - 75 = z - 10, 3*z - 45 = -5*n. Suppose 0 = 2*d + n. Let v(h) = -h**2 - 8*h - 7. Determine v(d).
5
Let w(v) = v**2 + 5*v + 4. Let d be w(-5). Let m = -24 + 17. Let c(z) = -5*z**2 - 2*z + 2. Let x(r) = -3*r**2 - r + 1. Let p(h) = d*c(h) + m*x(h). What is p(0)?
1
Suppose -4*y = -2*a + 6, -y + 17 = 3*a + 1. Let d(r) = r**2 - 4*r + 1. What is d(a)?
6
Let z(w) be the second derivative of -w**3/2 + w**2 + 10*w. Determine z(-4).
14
Suppose -5*g = b - 41, 0 = -2*b - 5*g - 24 + 111. Let c be b/14 + (-2)/7. Let j(q) be the first derivative of -3*q**2/2 + 3*q + 2. Give j(c).
-6
Let a(z) = -z**2 + 11*z + 9. Let k be a(12). Let n(v) = 2*v + 1. Let c(o) = 3*o + 2. Let q(p) = -3*c(p) + 4*n(p). Determine q(k).
1
Let m(i) = -5*i + 6. Let c(p) = -3*p + 3. Let o(y) = -7*c(y) + 4*m(y). Let t(v) = v - 6. Let s be t(0). Determine o(s).
-3
Suppose -3*p = 2*m + 12, -2*m = -p + 2*p + 4. Let s(z) = 0 + m - 3*z + z - 4. What is s(-5)?
6
Let x(y) = -3*y + 5. Suppose 0 = 11*w - 6*w - 25. Determine x(w).
-10
Let c(j) = -7*j**2 - 3*j + 5. Let m(h) = -6*h**2 - 2*h + 4. Let s(i) = -5*c(i) + 6*m(i). What is s(2)?
1
Let t(c) = -c**2 - 6*c + 9. Suppose 0 = -4*k - 22 - 6. Determine t(k).
2
Let f(w) = -13*w**2 + 11*w + 20. Let a(s) = 3*s**2 - 3*s - 5. Let p(m) = -9*a(m) - 2*f(m). Suppose -r = -0 + 2. Let y be 12/((-4)/r) - 2. Calculate p(y).
9
Suppose 5*j = -4 - 1. Let y(p) = -5*p**2 + 1. Give y(j).
-4
Let w(i) be the first derivative of -3*i**2/2 - i - 7. What is w(6)?
-19
Let b = 3 + -5. Let o(f) = -5*f + 1. Determine o(b).
11
Let m(h) = -2*h**2 - 4*h - 1. Let s(x) = -x. Let y(o) = -m(o) + 4*s(o). Suppose -4*j = -12, 9 = -3*z - 3*j + 7*j. Let t be (z + 2)*(-1)/(-3). Calculate y(t).
3
Let u(v) be the second derivative of 3*v**5/5 - v**2/2 - 7*v. Calculate u(1).
11
Let w = -74 - -80. Let j(c) = c**3 - 6*c**2 + 7. What is j(w)?
7
Let l be (18/(-15))/((-4)/30). Suppose -5 = -5*i + 5*m, -m = -4*i + 2*m + l. Let h(u) = -u**2 + 4*u + 8. Determine h(i).
-4
Let c(f) = -4 + f + 2*f - 4*f. Calculate c(5).
-9
Let s(t) be the first derivative of -3*t**2 + 3*t - 5. Suppose 3*f + f = 0. Suppose f = 3*z - 8 + 2. What is s(z)?
-9
Let a(n) = -n + 15. Let r be a(13). Suppose 8*c - 24 = r*c. Let x(j) = j + 1. Determine x(c).
5
Let d = -24 - -29. Let q(y) = y**3 - 4*y**2 - 5*y - 2. Calculate q(d).
-2
Let u be ((-2)/(-4))/((-2)/(-4)). Let z(x) be the third derivative of -x**4/8 + x**3/6 + 2*x**2. Determine z(u).
-2
Let g(r) be the first derivative of r**2 + 2*r + 18. Determine g(3).
8
Let t(k) = k**2 + 2*k - 2. Let n = 6 - 8. Let o(w) = w**2 + 3*w - 1. Let a(x) = n*t(x) + 3*o(x). Let p be 1/3 + 16/(-3). Calculate a(p).
1
Let r(b) = -b**2. Let l be r(-1). Let c = -5 - l. Let d(g) = -g**2 - 5*g - 5. Give d(c).
-1
Let l(w) = -w + 1. Suppose h + 4*h = -20. Determine l(h).
5
Let j = -56 - -53. Let t(w) = 5*w + 3. Calculate t(j).
-12
Let t(f) = f + 11. Let v be t(-8). Let q(x) = -x**2 + 2*x - 4. Calculate q(v).
-7
Let d(a) = 2*a + 1. Suppose -2*m + 5*m - 6 = 0. Let q be d(m). Let l(k) be the second derivative of -k**5/20 + k**4/3 + 7*k**3/6 - k**2/2 - k. What is l(q)?
9
Let j be (-2 + 33/12)*4. Let b(k) = j*k + k + k. Suppose 3*p = 2*u - 1, 5 = -5*p + 4*u + u. Determine b(p).
5
Let d(k) = -8*k - 1. Suppose i = n + 3*i - 11, -3*n = -4*i + 17. Give d(n).
-9
Let z(h) = -1 + 4*h - h**2 - 3*h**2 - 10*h + 3*h**2. Calculate z(-4).
7
Let q(u) be the second derivative of u**3/6 - 4*u**2 + 4*u. Give q(6).
-2
Let l(b) be the second derivative of 1/6*b**3 - 1/2*b**2 + 3*b + 0. Let m be (-3)/((-1 + 0)*-1). Give l(m).
-4
Let c = 6 + -4. Let n = c + 1. Suppose 1 = -n*v + 13. Let r(s) = -s**3 + 3*s**2 + 4*s + 5. Give r(v).
5
Let h(a) = a**2. Let y(m) = -5*m**2 - 7*m - 4. Let x(u) = 6*h(u) + y(u). Determine x(7).
-4
Let j(y) = -y**3 - y - 12. Let x(v) = -2*v - 12. Let b be x(-6). Calculate j(b).
-12
Let a(r) be the second derivative of -r**4/6 - r**3/6 - 17*r. Calculate a(1).
-3
Let z = -1 - -4. Suppose -z*a - 15 - 3 = 0. Let d(u) = u**3 + 7*u**2 + 4*u - 3. What is d(a)?
9
Let g(y) be the second derivative of -1/2*y**2 - 4*y + 1/12*y**4 - 1/20*y**5 + 1/3*y**3 + 0. What is g(2)?
-1
Let c(i) = -4*i - 7. Let z(o) = -3*o - 7. Let s(a) = 2*c(a) - 3*z(a). Determine s(-4).
3
Let s = 3 - 8. Let g(h) = h + 4. Determine g(s).
-1
Let t(x) = 8*x + 1. Let r(g) = 9*g + 1. Let l(u) = 4*r(u) - 5*t(u). What is l(-2)?
7
Let z(h) = h - 1. Let y(i) = -5. Let u(c) = -y(c) + 3*z(c). Suppose 2 = -0*k + k. What is u(k)?
8
Let k(z) = 7*z**3 - 11*z**2 - 3*z + 10. Let j(l) = 20*l**3 - 32*l**2 - 8*l + 29. Let h(w) = 6*j(w) - 17*k(w). Suppose -2*t + 3 = -3. Give h(t).
-5
Let v(l) = 3*l**2 + 2*l - 1. Let x be v(1). Suppose -4*m - x = 2*h - 4*h, h = 2. Let q(u) = -u + 6. Calculate q(m).
6
Let a(p) = 2*p**3 + 14*p**2 + 11*p + 19. Let u(q) = q**3 + 7*q**2 + 5*q + 10. Suppose 3*f = 7*f + 12. Let n(y) = f*a(y) + 5*u(y). Give n(-6).
5
Let t(g) be the second derivative of -g**4/12 - 2*g**3/3 + g**2 + g. Let p = -33 + 49. Let w be (p/(-20))/(1/5). Determine t(w).
2
Let z(t) = t + 14. Let c be z(-8). Let l(f) = -f**2 + 6*f + 2. Give l(c).
2
Suppose -8*k + 3*k + 4*q = 20, -2*k + 5*q = 25. Suppose -3*f = 2*m - 11, f + 5*m + k = -5. Let x(h) = 3*h**2 - 4*h**2 + 3*h + 7 - 2. Give x(f).
-5
Let h(y) = -y**3 + 4*y**2 + 5*y. Suppose 0 = -3*t + 5 + 10. What is h(t)?
0
Let n(z) = -z**2 - 4*z + 2. Let l = 86 - 91. What is n(l)?
-3
Let s(v) be the second derivative of v**4/12 + 2*v**3/3 + v**2/2 + 25*v. Calculate s(-5).
6
Let j(g) = -g**2 - 9*g - 10. Let q = -37 - -30. What is j(q)?
4
Let f be ((30/3)/5)/2. Let o(b) = 7*b**3 + b**2 - b. What is o(f)?
7
Let x(j) = j**2 - j. Let s(n) = n**2 - 3*n - 1. Let l(r) = s(r) - 3*x(r). What is l(1)?
-3
Let w = 3 - 1. Su